{"id":894,"date":"2016-08-29T18:48:16","date_gmt":"2016-08-29T15:48:16","guid":{"rendered":"https:\/\/gronest.com\/test\/?post_type=product&#038;p=894"},"modified":"2023-03-03T15:28:12","modified_gmt":"2023-03-03T13:28:12","slug":"fabric-pot-cover","status":"publish","type":"product","link":"https:\/\/gronest.com\/test\/product\/fabric-pot-cover\/","title":{"rendered":"Gronest\u00ae Fabric Pot Covers"},"content":{"rendered":"","protected":false},"excerpt":{"rendered":"<p>Gronest fabric pot covers has been tested in outdoor and indoor environments and keeps plants nearly weed free with huge savings in production costs.<\/p>\n<p>It is s re-usable (<em>is\u00a0 UV resistant and can be disinfected<\/em>), water and fertilizer permeable (<em>even granular fertilizer is no problem<\/em>) and is chemically neutral (<em>no added salts, no change in pH, no N-fixation<\/em>).<\/p>\n<p>[fruitful_tabs type=&#8221;default&#8221; width=&#8221;100%&#8221; fit=&#8221;false&#8221; tabcolor=&#8221;#F15A23&#8243;]<br \/>\n[fruitful_tab title=&#8221; Technical Data &#8220;]<\/p>\n<table border=\"0\" cellspacing=\"0\" cellpadding=\"0\">\n<tbody>\n<tr bgcolor=\"#F5F5F5\">\n<td width=\"40%\">\u00a0Thickness<\/td>\n<td><em>1.7-2 mm<br \/>\n<\/em><\/td>\n<\/tr>\n<tr>\n<td><strong>\u00a0<\/strong>Sizes<\/td>\n<td><em><span style=\"color: #333333;\">\u00d811.5, \u00d815, \u00d819, \u00d824, \u00d828, \u00d831, \u00d834, \u00d836 cm<\/span><\/em><\/td>\n<\/tr>\n<tr bgcolor=\"#F5F5F5\">\n<td><strong>\u00a0<\/strong>Color<\/td>\n<td><em>grey<\/em><\/td>\n<\/tr>\n<tr>\n<td>\u00a0P<span id=\"result_box\" class=\"short_text\" lang=\"en\">ermeable<\/span><\/td>\n<td><em>yes<\/em><\/td>\n<\/tr>\n<\/tbody>\n<\/table>\n<p>[\/fruitful_tab][fruitful_tab title=&#8221;Packaging\u00a0 Info&#8221;]<\/p>\n<table>\n<tbody>\n<tr bgcolor=\"#F5F5F5\">\n<td width=\"40%\">\u00a0Pieces per box<\/td>\n<td><em>&#8211;<br \/>\n<\/em><\/td>\n<\/tr>\n<tr>\n<td>\u00a0Boxes per pallet<\/td>\n<td><em>16<\/em><\/td>\n<\/tr>\n<tr bgcolor=\"#F5F5F5\">\n<td>\u00a0Pieces per pallet<\/td>\n<td>&#8211;<\/td>\n<\/tr>\n<tr>\n<td>\u00a0Box size<strong><br \/>\n<\/strong><\/td>\n<td><em>40x40x60 cm<em><em> (HxWxL)<\/em><\/em><br \/>\n<\/em><\/td>\n<\/tr>\n<tr bgcolor=\"#F5F5F5\">\n<td>\u00a0Pallet size<strong><br \/>\n<\/strong><\/td>\n<td><em>80x120x180 cm <em><em> (HxWxL)<\/em><\/em><br \/>\n<\/em><\/td>\n<\/tr>\n<\/tbody>\n<\/table>\n<p>[\/fruitful_tab][fruitful_tab title=&#8221;Benefits&#8221;]<\/p>\n<ul style=\"list-style-type: circle;\">\n<li>Stronger, healthier plants.<\/li>\n<li>Reduces labor costs and raises productivity.<\/li>\n<li>Reduces the need for herbicides and pesticides.<\/li>\n<li>Improves irrigation and water efficiency.<\/li>\n<li>Helps break the life cycle of many insect pests.<\/li>\n<li>Durable. Can be used over and over.<\/li>\n<li>Save on Soil and maintain a clean appearance.<\/li>\n<li>Environmentally friendly.<\/li>\n<\/ul>\n<p>[\/fruitful_tab][\/fruitful_tabs]Fabric discs are available for 1-39 liter gronest pots. They making watering to be more efficiency and more accurate.<\/p>\n<p>&nbsp;<\/p>\n<p>[su_label] <em>pot covers<\/em> [\/su_label]\u00a0[su_label] <em>pot disk<\/em> [\/su_label]\u00a0[su_label] <em>weed disck<\/em> [\/su_label]\u00a0[su_label]\u00a0<em>less watering<\/em> [\/su_label]\u00a0[su_label] <em>pot toppers<\/em> [\/su_label]\u00a0[su_label] <em>hydroponics covers<\/em> [\/su_label]<\/p>\n","protected":false},"featured_media":895,"template":"","meta":[],"product_brand":[],"product_cat":[49],"product_tag":[90],"class_list":{"0":"post-894","1":"product","2":"type-product","3":"status-publish","4":"has-post-thumbnail","6":"product_cat-accesories","7":"product_tag-fabric-pot-covers","9":"first","10":"instock","11":"taxable","12":"shipping-taxable","13":"product-type-simple"},"_links":{"self":[{"href":"https:\/\/gronest.com\/test\/wp-json\/wp\/v2\/product\/894","targetHints":{"allow":["GET"]}}],"collection":[{"href":"https:\/\/gronest.com\/test\/wp-json\/wp\/v2\/product"}],"about":[{"href":"https:\/\/gronest.com\/test\/wp-json\/wp\/v2\/types\/product"}],"wp:featuredmedia":[{"embeddable":true,"href":"https:\/\/gronest.com\/test\/wp-json\/wp\/v2\/media\/895"}],"wp:attachment":[{"href":"https:\/\/gronest.com\/test\/wp-json\/wp\/v2\/media?parent=894"}],"wp:term":[{"taxonomy":"product_brand","embeddable":true,"href":"https:\/\/gronest.com\/test\/wp-json\/wp\/v2\/product_brand?post=894"},{"taxonomy":"product_cat","embeddable":true,"href":"https:\/\/gronest.com\/test\/wp-json\/wp\/v2\/product_cat?post=894"},{"taxonomy":"product_tag","embeddable":true,"href":"https:\/\/gronest.com\/test\/wp-json\/wp\/v2\/product_tag?post=894"}],"curies":[{"name":"wp","href":"https:\/\/api.w.org\/{rel}","templated":true}]}}